s the millions digit of 1858366?
1
What is the hundreds digit of 2320221?
2
What is the millions digit of 7144958?
7
What is the thousands digit of 316243?
6
What is the ten thousands digit of 53729?
5
What is the hundreds digit of 117322?
3
What is the ten thousands digit of 72505?
7
What is the thousands digit of 357375?
7
What is the thousands digit of 2666356?
6
What is the ten thousands digit of 124844?
2
What is the hundred thousands digit of 889906?
8
What is the millions digit of 28401956?
8
What is the millions digit of 6202089?
6
What is the tens digit of 2113750?
5
What is the tens digit of 2198139?
3
What is the thousands digit of 375046?
5
What is the ten thousands digit of 3618689?
1
What is the tens digit of 344483?
8
What is the thousands digit of 3787089?
7
What is the units digit of 576236?
6
What is the thousands digit of 122123?
2
What is the tens digit of 10385560?
6
What is the units digit of 1317348?
8
What is the hundred thousands digit of 340790?
3
What is the thousands digit of 902483?
2
What is the thousands digit of 196070?
6
What is the tens digit of 274536?
3
What is the hundreds digit of 211519?
5
What is the units digit of 4781376?
6
What is the tens digit of 563769?
6
What is the tens digit of 129659?
5
What is the units digit of 6180813?
3
What is the thousands digit of 48276?
8
What is the hundreds digit of 20407312?
3
What is the hundreds digit of 11368031?
0
What is the thousands digit of 9712655?
2
What is the hundred thousands digit of 2083062?
0
What is the hundreds digit of 25134510?
5
What is the millions digit of 1635366?
1
What is the hundred thousands digit of 1638769?
6
What is the tens digit of 24800533?
3
What is the tens digit of 10358178?
7
What is the thousands digit of 268220?
8
What is the ten thousands digit of 490128?
9
What is the ten thousands digit of 886472?
8
What is the thousands digit of 154606?
4
What is the thousands digit of 2254531?
4
What is the hundreds digit of 6315452?
4
What is the hundred thousands digit of 928723?
9
What is the thousands digit of 247630?
7
What is the units digit of 1982462?
2
What is the tens digit of 2463775?
7
What is the hundreds digit of 552087?
0
What is the units digit of 1022570?
0
What is the tens digit of 378252?
5
What is the hundreds digit of 313642?
6
What is the ten thousands digit of 77829?
7
What is the units digit of 328327?
7
What is the tens digit of 260573?
7
What is the ten thousands digit of 270461?
7
What is the units digit of 1366527?
7
What is the millions digit of 10198234?
0
What is the hundred thousands digit of 131663?
1
What is the thousands digit of 4267282?
7
What is the thousands digit of 11110351?
0
What is the ten thousands digit of 2599019?
9
What is the thousands digit of 1620707?
0
What is the hundreds digit of 289886?
8
What is the tens digit of 2534607?
0
What is the hundred thousands digit of 169596?
1
What is the thousands digit of 1534032?
4
What is the tens digit of 364603?
0
What is the thousands digit of 5781493?
1
What is the tens digit of 5879200?
0
What is the units digit of 2182995?
5
What is the thousands digit of 870479?
0
What is the units digit of 1388735?
5
What is the hundred thousands digit of 1785800?
7
What is the hundred thousands digit of 1229877?
2
What is the units digit of 503269?
9
What is the tens digit of 15164?
6
What is the ten thousands digit of 1825387?
2
What is the millions digit of 1779474?
1
What is the ten millions digit of 11583993?
1
What is the thousands digit of 21079?
1
What is the units digit of 1080152?
2
What is the units digit of 2027886?
6
What is the ten thousands digit of 107609?
0
What is the hundreds digit of 223063?
0
What is the millions digit of 3226319?
3
What is the thousands digit of 1410610?
0
What is the hundreds digit of 11563955?
9
What is the hundreds digit of 2431966?
9
What is the ten millions digit of 12963194?
1
What is the units digit of 15238?
8
What is the hundreds digit of 116491?
4
What is the tens digit of 1982272?
7
What is the tens digit of 196974?
7
What is the hundred thousands digit of 315344?
3
What is the units digit of 409595?
5
What is the ten thousands digit of 10887651?
8
What is the ten thousands digit of 3195436?
9
What is the millions digit of 1263523?
1
What is the thousands digit of 42992?
2
What is the units digit of 6942863?
3
What is the ten thousands digit of 1361814?
6
What is the millions digit of 4040776?
4
What is the units digit of 57663?
3
What is the hundreds digit of 27646?
6
What is the tens digit of 70425?
2
What is the hundreds digit of 2061784?
7
What is the units digit of 235822?
2
What is the ten thousands digit of 46943?
4
What is the hundred thousands digit of 150461?
1
What is the ten thousands digit of 914468?
1
What is the ten millions digit of 10541888?
1
What is the ten thousands digit of 38463?
3
What is the hundreds digit of 3502036?
0
What is the hundred thousands digit of 27076110?
0
What is the hundred thousands digit of 1140310?
1
What is the thousands digit of 2926051?
6
What is the hundred thousands digit of 215304?
2
What is the hundreds digit of 5463312?
3
What is the hundreds digit of 652789?
7
What is the tens digit of 207459?
5
What is the ten thousands digit of 636258?
3
What is the hundred thousands digit of 19250912?
2
What is the hundred thousands digit of 10184416?
1
What is the hundreds digit of 42769?
7
What is the hundred thousands digit of 758602?
7
What is the millions digit of 34051692?
4
What is the tens digit of 16864967?
6
What is the hundreds digit of 397665?
6
What is the units digit of 9501541?
1
What is the millions digit of 1608353?
1
What is the units digit of 275311?
1
What is the ten thousands digit of 367810?
6
What is the units digit of 1481757?
7
What is the units digit of 383092?
2
What is the hundreds digit of 845971?
9
What is the millions digit of 1084373?
1
What is the hundreds digit of 8272?
2
What is the tens digit of 359488?
8
What is the units digit of 16659441?
1
What is the ten thousands digit of 556162?
5
What is the tens digit of 215213?
1
What is the hundreds digit of 2378999?
9
What is the hundreds digit of 185019?
0
What is the ten thousands digit of 100757?
0
What is the units digit of 5100439?
9
What is the thousands digit of 3655640?
5
What is the ten thousands digit of 420895?
2
What is the units digit of 714681?
1
What is the hundred thousands digit of 248329?
2
What is the hundred thousands digit of 4050988?
0
What is the thousands digit of 130088?
0
What is the hundred thousands digit of 14846299?
8
What is the ten thousands digit of 674300?
7
What is the tens digit of 2505645?
4
What is the hundreds digit of 46624?
6
What is the tens digit of 131020?
2
What is the hundred thousands digit of 33984911?
9
What is the tens digit of 5301472?
7
What is the thousands digit of 7611856?
1
What is the units digit of 440848?
8
What is the ten thousands digit of 60347?
6
What is the tens digit of 326244?
4
What is the millions digit of 7890985?
7
What is the units digit of 441832?
2
What is the units digit of 3631458?
8
What is the hundreds digit of 803920?
9
What is the hundred thousands digit of 246460?
2
What is the tens digit of 201683?
8
What is the hundreds digit of 1187697?
6
What is the hundred thousands digit of 439799?
4
What is the ten millions digit of 24988023?
2
What is the millions digit of 1920431?
1
What is the tens digit of 20743843?
4
What is the units digit of 1224454?
4
What is the units digit of 1658889?
9
What is the millions digit of 2304779?
2
What is the units digit of 249170?
0
What is the hundreds digit of 6360533?
5
What is the hundreds digit of 1221616?
6
What is the hundreds digit of 160121?
1
What is the ten thousands digit of 206914?
0
What is the hundred thousands digit of 502075?
5
What is the units digit of 1267570?
0
What is the hundreds digit of 562430?
4
What is the units digit of 208481?
1
What is the tens digit of 6353336?
3
What is the units digit of 7988560?
0
What is the thousands digit of 924112?
4
What is the units digit of 725136?
6
What is the hundred thousands digit of 994109?
9
What is the hundred thousands digit of 4939413?
9
What is the units digit of 8633747?
7
What is the hundreds digit of 400610?
6